{"id":268,"date":"2025-02-14T11:11:30","date_gmt":"2025-02-14T11:11:30","guid":{"rendered":"http:\/\/www.ilkcev.org.tr\/?page_id=268"},"modified":"2025-02-17T14:43:13","modified_gmt":"2025-02-17T14:43:13","slug":"iletisim-2","status":"publish","type":"page","link":"http:\/\/www.ilkcev.org.tr\/?page_id=268","title":{"rendered":"\u0130LET\u0130\u015e\u0130M"},"content":{"rendered":"<div class=\"wDYxhc\" data-attrid=\"kc:\/location\/location:address\" data-md=\"1002\" data-hveid=\"CCIQAA\" data-ved=\"2ahUKEwjDjcz7gsOLAxXOBhAIHUvwIq4QkCl6BAgiEAA\">\n<div class=\"Z1hOCe\">\n<div class=\"zloOqf PZPZlf\" style=\"text-align: center;\" data-dtype=\"d3ifr\" data-local-attribute=\"d3adr\" data-mid=\"\/g\/11b7pyykys\" data-ved=\"2ahUKEwjDjcz7gsOLAxXOBhAIHUvwIq4QghwoAHoECCIQAQ\"><span class=\"w8qArf FoJoyf\">Gebze \u0130LK\u00c7EV Spor Kul\u00fcb\u00fc<\/span><\/div>\n<div style=\"text-align: center;\" data-dtype=\"d3ifr\" data-local-attribute=\"d3adr\" data-mid=\"\/g\/11b7pyykys\" data-ved=\"2ahUKEwjDjcz7gsOLAxXOBhAIHUvwIq4QghwoAHoECCIQAQ\"><\/div>\n<div class=\"zloOqf PZPZlf\" style=\"text-align: center;\" data-dtype=\"d3ifr\" data-local-attribute=\"d3adr\" data-mid=\"\/g\/11b7pyykys\" data-ved=\"2ahUKEwjDjcz7gsOLAxXOBhAIHUvwIq4QghwoAHoECCIQAQ\"><span class=\"w8qArf FoJoyf\">Adres: <\/span><span class=\"LrzXr\">41000, Mustafapa\u015fa Mahallesi, 709. Sokak No:31, 41400 Gebze\/Kocaeli<\/span><\/div>\n<\/div>\n<\/div>\n<div class=\"wDYxhc\" data-attrid=\"kc:\/local:alt phone\" data-md=\"1006\" data-hveid=\"CB8QAA\" data-ved=\"2ahUKEwjDjcz7gsOLAxXOBhAIHUvwIq4QkCl6BAgfEAA\">\n<div class=\"Z1hOCe\" style=\"text-align: center;\">\n<div class=\"zloOqf PZPZlf\" data-dtype=\"d3ifr\" data-local-attribute=\"d3ph\" data-ved=\"2ahUKEwjDjcz7gsOLAxXOBhAIHUvwIq4Q8I0BKAB6BAgfEAE\"><span class=\"w8qArf FoJoyf\">Telefon: 02626412227<\/span><\/div>\n<\/div>\n<div style=\"text-align: center;\" data-dtype=\"d3ifr\" data-local-attribute=\"d3ph\" data-ved=\"2ahUKEwjDjcz7gsOLAxXOBhAIHUvwIq4Q8I0BKAB6BAgfEAE\"><a href=\"https:\/\/www.google.com\/maps\/dir\/\/41000,+Mustafapa%C5%9Fa+Mahallesi,+709.+Sokak+No:31,+41400+Gebze%2FKocaeli\/@40.8004027,29.3453802,12z\/data=!4m8!4m7!1m0!1m5!1m1!1s0x14cb2085d81668f9:0x4f7712e4209526cd!2m2!1d29.427781!2d40.800432!5m1!1e2?entry=ttu&amp;g_ep=EgoyMDI1MDIxMS4wIKXMDSoASAFQAw%3D%3D\" target=\"_blank\" rel=\"noopener\">Konuma buradan ula\u015fabilirsiniz<\/a>.<\/div>\n<\/div>\n<div style=\"text-align: center;\" data-dtype=\"d3ifr\" data-local-attribute=\"d3ph\" data-ved=\"2ahUKEwjDjcz7gsOLAxXOBhAIHUvwIq4Q8I0BKAB6BAgfEAE\"><\/div>\n","protected":false},"excerpt":{"rendered":"<p>Gebze \u0130LK\u00c7EV Spor Kul\u00fcb\u00fc Adres: 41000, Mustafapa\u015fa Mahallesi, 709. Sokak No:31, 41400 Gebze\/Kocaeli Telefon: 02626412227 Konuma buradan ula\u015fabilirsiniz.<\/p>\n","protected":false},"author":1,"featured_media":0,"parent":0,"menu_order":0,"comment_status":"closed","ping_status":"closed","template":"","meta":{"footnotes":""},"_links":{"self":[{"href":"http:\/\/www.ilkcev.org.tr\/index.php?rest_route=\/wp\/v2\/pages\/268"}],"collection":[{"href":"http:\/\/www.ilkcev.org.tr\/index.php?rest_route=\/wp\/v2\/pages"}],"about":[{"href":"http:\/\/www.ilkcev.org.tr\/index.php?rest_route=\/wp\/v2\/types\/page"}],"author":[{"embeddable":true,"href":"http:\/\/www.ilkcev.org.tr\/index.php?rest_route=\/wp\/v2\/users\/1"}],"replies":[{"embeddable":true,"href":"http:\/\/www.ilkcev.org.tr\/index.php?rest_route=%2Fwp%2Fv2%2Fcomments&post=268"}],"version-history":[{"count":5,"href":"http:\/\/www.ilkcev.org.tr\/index.php?rest_route=\/wp\/v2\/pages\/268\/revisions"}],"predecessor-version":[{"id":290,"href":"http:\/\/www.ilkcev.org.tr\/index.php?rest_route=\/wp\/v2\/pages\/268\/revisions\/290"}],"wp:attachment":[{"href":"http:\/\/www.ilkcev.org.tr\/index.php?rest_route=%2Fwp%2Fv2%2Fmedia&parent=268"}],"curies":[{"name":"wp","href":"https:\/\/api.w.org\/{rel}","templated":true}]}}